isor of 1125 and i.
45
Suppose -h = 2*l - 84, -3*h - 3696 + 3900 = -2*l. Let r(d) = -d + 3. Let v be r(0). Let i be ((-6)/(-8))/(v/36). Calculate the highest common factor of h and i.
9
Let x be (8 + -4 - 4) + -171. Let h = 318 + x. What is the greatest common factor of 84 and h?
21
Let s be (-1 - 20/(-4)) + -195. Let j = -123 - s. Let p be (-1)/(3/(-102))*8/16. Calculate the highest common divisor of j and p.
17
Let q(j) = 2*j**2 + 147*j + 949. Let y be q(-107). Calculate the highest common factor of 264 and y.
66
Suppose 3*x = 3*q + 96, -21 - 142 = -5*x + 4*q. Suppose -2*g + 3*g - 3*j = 26, 2*g = -5*j + 8. Calculate the greatest common divisor of x and g.
7
Let w = 6510 + -6393. Calculate the greatest common divisor of 225 and w.
9
Let j = -40 + 44. Suppose -118 = -j*m + 282. What is the greatest common factor of 40 and m?
20
Suppose -2*u - 4*q = -2*q - 266, -3*q - 405 = -3*u. Let h be (16/10)/(64/80). What is the highest common divisor of h and u?
2
Suppose -13*l - 38*l = -34425. Calculate the highest common factor of l and 125.
25
Suppose 5*i - 1439 = -2*p, i + 4*p - 869 = -2*i. Let z(k) = -k**2 - 74*k + 61. Let x be z(-72). What is the greatest common divisor of x and i?
41
Let t(o) = 16*o + 14. Let r be t(-4). Let m = -48 - r. Suppose 3*y + y - 3*u = 201, 0 = m*u + 6. Calculate the highest common factor of y and 6.
6
Let z(j) = 4*j**3 - 376*j**2 + 404*j - 69. Let y be z(93). Calculate the greatest common factor of 18 and y.
9
Suppose 30 = t - 3*r, -t - 3*t = -3*r - 138. Suppose 4*n - 20 = 0, 2*b - 545 = 3*n + 256. What is the greatest common divisor of b and t?
12
Let q(s) = -s**2 + 2*s + 217. Let g be q(14). Let w(v) = -16*v + 3. Let k be w(3). Let x = g + k. Calculate the highest common factor of 1 and x.
1
Let i = 34 - 32. Let x be (-10)/75*-102 + i/5. Suppose s = -2, -j + 4*s = -49 - 29. Calculate the highest common factor of j and x.
14
Suppose 15*q = 47*q - 288. Suppose -q*y + 179 = -739. Calculate the greatest common divisor of y and 51.
51
Let x = -43 + 112. Suppose -85 = -2*k - x. Calculate the greatest common factor of k and 232.
8
Let r = -2143 + 2203. Calculate the greatest common factor of r and 420.
60
Suppose 3505 = 16*p - 7311. What is the greatest common divisor of p and 104?
52
Suppose -3*j = -5*a + 5*j + 1598, j = 4. Calculate the greatest common factor of 2771 and a.
163
Let y(q) = -3*q. Let i be y(-1). Let n be 48/30 + -1 + (-1774)/(-10). Suppose 8*t - 134 = n. What is the highest common divisor of t and i?
3
Suppose 4*m = -2*q + 1632, -5*q + 36*m - 32*m = -4080. Calculate the highest common divisor of q and 51.
51
Let q be (6 - (-1 - -10)) + 57/3. What is the greatest common divisor of 2744 and q?
8
Let z(l) = l**3 + 21*l**2 + 91*l - 67. Let v be z(-11). Calculate the highest common factor of v and 10934.
142
Suppose 11*p - 50 = 32 + 17. Let j(i) = 63*i**3 + i**2 - 1. Let d be j(1). What is the greatest common factor of p and d?
9
Let l be 352/66*(-75)/(-2). Suppose 0 = -99*u + 95*u + l. What is the highest common factor of 110 and u?
10
Let k be (-1)/((-14)/70 + (-38)/(-140)). Let w(n) = n**2 - 20*n - 92. Let l be w(k). Calculate the highest common divisor of l and 24.
24
Suppose 0*s - 576 = -36*s. What is the greatest common factor of 216 and s?
8
Let n = -26 - -62. Let q(t) = -2*t + 4. Let d be q(-10). Calculate the greatest common factor of n and d.
12
Let i = -4 - -7. Suppose 2245 = 188*a - 1703. What is the highest common factor of a and i?
3
Let f be -5 + (1125 - (-75)/15). What is the greatest common factor of f and 9?
9
Let j = 22465 + -21124. Calculate the highest common factor of j and 153.
9
Let y = 201 - 217. Let k = y - -82. Calculate the greatest common factor of k and 594.
66
Let h be 6 - 30/6*2/(-2). Suppose h*z = 32*z - 189. What is the highest common factor of z and 279?
9
Suppose -3*i = 2*i + 5*n - 150, 0 = 5*i - 3*n - 110. Calculate the highest common divisor of 3925 and i.
25
Let w be ((-12)/14)/((-4)/112*-4). Let g(x) = x**2 + 8*x + 15. Let c be g(w). Let a be (c + 23)*(0 + 1). What is the highest common divisor of 13 and a?
13
Suppose 0 = -275*o + 278*o + 4*r - 25344, 3*r = 0. What is the greatest common divisor of o and 396?
132
Let z be 288/(-384) - (-61443)/4 - 0. Calculate the highest common factor of 40 and z.
40
Let d(f) = f**3 + 22*f**2 - f - 23. Let v be d(-22). Let x be v - (2 - 10)/2. Calculate the highest common factor of 24 and x.
3
Let u be 1662/12 + 6/12 + 8. What is the greatest common factor of 357 and u?
21
Suppose -4*r + 9 + 22 = -45. What is the greatest common divisor of r and 82?
1
Let d = -460 + 865. Let b = d - 394. Calculate the greatest common divisor of b and 209.
11
Suppose -3*d - 29 = -23. Let f be 8 + (174/(-54) - d/9). Suppose 3*u - 25 = u + h, -u + 40 = f*h. Calculate the greatest common divisor of u and 20.
5
Suppose 0 = 9*y - 7*y. Let u be -6 - -1 - (y - 11). Suppose -u*v + 373 + 17 = 0. What is the highest common divisor of 13 and v?
13
Let r(k) be the second derivative of k**4/6 - 65*k**3/6 - 81*k**2 - 229*k. Let h be r(35). Calculate the greatest common divisor of h and 247.
13
Let w be 594/(-12)*1/(39/(-130)). Let q be 10/5*(-2 + 277). What is the greatest common factor of q and w?
55
Let w be (-5)/(-1) + (0 + 3)*-1. Suppose -4*k = 5*n - 0*k - 107, -5*n = -w*k - 89. Calculate the greatest common factor of n and 57.
19
Let j = -9972 + 10680. What is the greatest common factor of 8 and j?
4
Let a be ((-3)/(-9))/((-38)/(-2850)). What is the highest common divisor of 3775 and a?
25
Let x(m) = 9*m**2 - 2*m + 17. Let w be x(5). Let g = -206 + w. What is the highest common divisor of g and 26?
26
Let m = -122 + 83. Let c be (-22)/(5 + 201/m). What is the highest common divisor of 22 and c?
11
Let g(n) = -450*n - 2637. Let r be g(-6). What is the greatest common divisor of 4023 and r?
9
Suppose 0 = s - 10 - 4. Suppose 0 = 4*p + 4*g - 92, 0*p + 5*g - 67 = -3*p. Suppose 0 = -p*l + 16*l + 784. What is the greatest common factor of s and l?
14
Let v = -138 - -146. Suppose 69 = v*w - 19. What is the greatest common factor of w and 319?
11
Let p = 45 - 38. Let g(x) = 2*x + 8 - 24*x - p*x + 0. Let h be g(-2). Calculate the highest common divisor of 6 and h.
6
Let t = 21762 - 20312. Calculate the highest common factor of 1950 and t.
50
Let w = 105 + -105. Suppose 258*u - 257*u - 6 = w. Let f = -5 - -11. Calculate the highest common divisor of u and f.
6
Let g = -15842 + 34158. What is the highest common divisor of g and 76?
76
Let i(s) = 12*s - 23*s + 10*s - 2. Let c be i(-6). Suppose 3*p - c = 11. What is the greatest common divisor of 5 and p?
5
Suppose -50*o = 17*o - 11*o - 32928. Calculate the highest common divisor of o and 476.
28
Suppose -3*n = -3*w + 42687, -77*w = -72*w + 2*n - 71173. What is the greatest common factor of 172 and w?
43
Suppose 0 = 10*g - 15*g + t - 3, -5*g - 2*t = -6. Suppose g = v - 4 - 22. What is the greatest common factor of v and 754?
26
Let i = 166 + 383. Let f be (-3375)/125*(-2)/6. What is the highest common divisor of i and f?
9
Let q = -3611 + 10378. What is the greatest common divisor of q and 202?
101
Suppose -75 = -7*n + 65. Suppose 0 = 2*z - 7*z + n. Suppose -20 = 3*b + o - 63, b + 3 = z*o. Calculate the greatest common factor of 13 and b.
13
Suppose -64*t - r - 352 = -65*t, -3*t - r + 1064 = 0. What is the greatest common divisor of t and 7257?
177
Suppose -10 = -20*o + 19*o. Let c be 160/24*108/o. Let a = -16 - -196. What is the highest common divisor of c and a?
36
Suppose 1108 = 3*b - 4*t, -b + 5*t - 308 = -670. Calculate the greatest common factor of 792 and b.
12
Let s(r) = -4*r - 1. Let q be s(13). Let j be -4 - (-1488)/18 - (-2)/(-3). Let p = q + j. Calculate the highest common factor of p and 50.
25
Let g = -495 + 787. Suppose 0 = -10*s - g + 652. Suppose -2*r + 41 = -55. What is the greatest common factor of s and r?
12
Let o be ((-2)/(-1)*-1)/(299 + -300). Suppose o*c - 880 = -0*k + k, 5*k + 1320 = 3*c. What is the highest common divisor of 120 and c?
40
Suppose v = -2*m + 135, -13*v = -m + 308 - 2090. What is the highest common divisor of v and 3699?
137
Let f(t) = -t**3 + 5*t**2 - 2*t - 4. Let p be f(4). Suppose p*k - 3*k = -o + 32, -3*k - 102 = -3*o. What is the highest common divisor of 3 and o?
3
Let u = 177 + -